 72477868?
4
What is the units digit of 288785340?
0
What is the hundreds digit of 529246?
2
What is the hundred millions digit of 2587910519?
5
What is the billions digit of 1391339598?
1
What is the tens digit of 861850065?
6
What is the ten millions digit of 2240791107?
4
What is the thousands digit of 291835304?
5
What is the tens digit of 641659764?
6
What is the hundred thousands digit of 85890964?
8
What is the units digit of 627780996?
6
What is the hundred thousands digit of 6268204574?
2
What is the hundred thousands digit of 23694997?
6
What is the millions digit of 261218511?
1
What is the thousands digit of 2470295200?
5
What is the hundred thousands digit of 335154930?
1
What is the millions digit of 81326873?
1
What is the ten thousands digit of 39401247?
0
What is the thousands digit of 82603577?
3
What is the hundred thousands digit of 2810968535?
9
What is the hundred thousands digit of 28306910?
3
What is the ten millions digit of 31646012?
3
What is the units digit of 867296715?
5
What is the hundred thousands digit of 15896906?
8
What is the hundred millions digit of 2442400321?
4
What is the millions digit of 49465137?
9
What is the units digit of 288801966?
6
What is the millions digit of 1217489362?
7
What is the ten millions digit of 277093672?
7
What is the hundred thousands digit of 132023048?
0
What is the thousands digit of 96023855?
3
What is the hundreds digit of 209494956?
9
What is the millions digit of 2050033346?
0
What is the ten thousands digit of 356111720?
1
What is the ten millions digit of 1066232761?
6
What is the thousands digit of 1348135910?
5
What is the hundred thousands digit of 2135291657?
2
What is the units digit of 664429253?
3
What is the units digit of 1732863705?
5
What is the ten thousands digit of 1904246490?
4
What is the billions digit of 1907858415?
1
What is the millions digit of 72108673?
2
What is the tens digit of 3384980701?
0
What is the tens digit of 29834488?
8
What is the tens digit of 6212049?
4
What is the units digit of 27899613?
3
What is the ten thousands digit of 3168125603?
2
What is the ten millions digit of 486177238?
8
What is the millions digit of 349765775?
9
What is the millions digit of 1548604595?
8
What is the ten millions digit of 387852300?
8
What is the tens digit of 49784255?
5
What is the thousands digit of 659947762?
7
What is the ten thousands digit of 3164251?
6
What is the millions digit of 867779153?
7
What is the hundred thousands digit of 4760223231?
2
What is the ten thousands digit of 502354321?
5
What is the tens digit of 1071359340?
4
What is the hundred millions digit of 4871730433?
8
What is the units digit of 38364913?
3
What is the ten thousands digit of 86106464?
0
What is the hundred thousands digit of 147527558?
5
What is the tens digit of 366050653?
5
What is the tens digit of 155035681?
8
What is the billions digit of 1785827608?
1
What is the tens digit of 293098991?
9
What is the hundreds digit of 96826851?
8
What is the tens digit of 3105955920?
2
What is the tens digit of 54652973?
7
What is the thousands digit of 16480343?
0
What is the thousands digit of 629139086?
9
What is the hundred millions digit of 986732659?
9
What is the hundreds digit of 1552455709?
7
What is the millions digit of 8862097835?
2
What is the hundred thousands digit of 1378857806?
8
What is the hundred thousands digit of 4912389?
9
What is the tens digit of 11701117?
1
What is the millions digit of 559536849?
9
What is the hundreds digit of 1130563583?
5
What is the millions digit of 297086247?
7
What is the thousands digit of 263996084?
6
What is the hundred millions digit of 500823402?
5
What is the millions digit of 121971982?
1
What is the ten millions digit of 61441749?
6
What is the units digit of 8024234?
4
What is the millions digit of 67520421?
7
What is the hundred thousands digit of 10925491?
9
What is the thousands digit of 5224883?
4
What is the millions digit of 426580785?
6
What is the ten millions digit of 601850151?
0
What is the thousands digit of 522223293?
3
What is the millions digit of 166772858?
6
What is the ten millions digit of 65384119?
6
What is the hundred thousands digit of 51179511?
1
What is the ten thousands digit of 67116914?
1
What is the thousands digit of 86122114?
2
What is the ten millions digit of 3375518885?
7
What is the ten thousands digit of 7663635?
6
What is the millions digit of 453433129?
3
What is the billions digit of 3231031197?
3
What is the ten millions digit of 46330319?
4
What is the thousands digit of 475386371?
6
What is the ten millions digit of 64818722?
6
What is the thousands digit of 3747007699?
7
What is the hundred millions digit of 795177272?
7
What is the hundreds digit of 516885901?
9
What is the hundreds digit of 5999976916?
9
What is the ten millions digit of 88710739?
8
What is the units digit of 562949011?
1
What is the thousands digit of 653453314?
3
What is the hundred millions digit of 1742161691?
7
What is the tens digit of 912348418?
1
What is the thousands digit of 87240304?
0
What is the thousands digit of 171500610?
0
What is the millions digit of 3101223059?
1
What is the hundred millions digit of 295197782?
2
What is the hundred thousands digit of 105120848?
1
What is the units digit of 18308326?
6
What is the hundreds digit of 12610041?
0
What is the hundreds digit of 174582216?
2
What is the units digit of 351881067?
7
What is the hundreds digit of 62431202?
2
What is the units digit of 575927509?
9
What is the millions digit of 36975482?
6
What is the tens digit of 29461165?
6
What is the hundred millions digit of 716980489?
7
What is the ten thousands digit of 2340815907?
1
What is the ten millions digit of 76670388?
7
What is the hundred thousands digit of 37477452?
4
What is the units digit of 52592020?
0
What is the millions digit of 52981527?
2
What is the thousands digit of 86736121?
6
What is the hundred thousands digit of 34544281?
5
What is the tens digit of 2383928953?
5
What is the units digit of 5652504308?
8
What is the thousands digit of 36698961?
8
What is the ten millions digit of 2043818875?
4
What is the ten thousands digit of 5598582150?
8
What is the hundreds digit of 145182211?
2
What is the hundred thousands digit of 61905844?
9
What is the tens digit of 459538?
3
What is the billions digit of 2042299607?
2
What is the millions digit of 365774273?
5
What is the ten millions digit of 125767356?
2
What is the units digit of 34921743?
3
What is the units digit of 32646267?
7
What is the units digit of 23558498?
8
What is the tens digit of 69446489?
8
What is the units digit of 905103201?
1
What is the hundred millions digit of 137167565?
1
What is the ten millions digit of 199985942?
9
What is the ten millions digit of 70535286?
7
What is the units digit of 165736269?
9
What is the hundred millions digit of 108700160?
1
What is the hundred millions digit of 168039532?
1
What is the ten thousands digit of 88711806?
1
What is the units digit of 61806619?
9
What is the millions digit of 4949103?
4
What is the ten thousands digit of 684198573?
9
What is the ten thousands digit of 1548107087?
0
What is the hundred millions digit of 550221555?
5
What is the hundreds digit of 15776482?
4
What is the units digit of 99864863?
3
What is the tens digit of 1477712618?
1
What is the hundreds digit of 4301374860?
8
What is the ten thousands digit of 105779041?
7
What is the ten millions digit of 192017627?
9
What is the hundreds digit of 57927553?
5
What is the ten millions digit of 108392384?
0
What is the ten thousands digit of 81165485?
6
What is the units digit of 81523274?
4
What is the tens digit of 46511902?
0
What is the thousands digit of 990351905?
1
What is the thousands digit of 93682621?
2
What is the millions digit of 8306712640?
6
What is the tens digit of 40369171?
7
What is the units digit of 99709903?
3
What is the hundreds digit of 2773026807?
8
What is the hundred thousands digit of 412075551?
0
What is the ten millions digit of 566520839?
6
What is the millions digit of 2955310830?
5
What is the ten thousands digit of 278190606?
9
What is the hundred thousands digit of 305628981?
6
What is the millions digit of 32807244?
2
What is the millions 